{"id":20,"date":"2012-11-28T12:12:44","date_gmt":"2012-11-28T12:12:44","guid":{"rendered":"http:\/\/panama.treberhilfe-dresden.de\/?page_id=20"},"modified":"2014-04-18T16:29:06","modified_gmt":"2014-04-18T16:29:06","slug":"treberhilfe-dresden-e-v","status":"publish","type":"page","link":"http:\/\/panama.treberhilfe-dresden.de\/?page_id=20","title":{"rendered":"Tr\u00e4ger"},"content":{"rendered":"<p><strong>Jugendarbeit f\u00fcr eine soziale Zukunft<\/strong><\/p>\n<p>Die Treberhilfe Dresden e.V. gr\u00fcndete sich 1996. Der Verein ist im Rahmen der Sozial- und Jugendhilfe t\u00e4tig.<\/p>\n<p>Die Arbeit im Verein wird von hauptamtlichen und ehrenamtlichen Mitarbeitenden geleistet. Die ehrenamtliche Struktur sowie die besonderen M\u00f6glichkeiten und Angebote zeichnen den Verein aus.<\/p>\n<p>Zu den besonderen Angeboten der Jugendhilfe (SGB VIII) z\u00e4hlen die Mobile und Aufsuchende Jugendarbeit Mobile Jugendarbeit Jumbo, Westhang Mobil (\u00a7 13) und Treff- und Lebensmittelpunkt Pieschen sowie die Offene Jugendarbeit auf dem Abenteuerspielplatz Panama (\u00a7 11).<\/p>\n<p>Wir bieten Hilfen zur Erziehung gem\u00e4\u00df \u00a7\u00a7 27 ff. an: Erziehungsbeistand (\u00a7 30), Sozialp\u00e4dagogische Familienhilfe (\u00a7 31), betreutes Einzelwohnen (\u00a7 34), intensive sozialp\u00e4dagogische Einzelbetreuung (\u00a7 35[a]) in Verbindung mit Hilfe f\u00fcr junge Eltern (\u00a7 19) und Hilfen f\u00fcr junge Vollj\u00e4hrige (\u00a7 41).<\/p>\n<p>Mikroprojekte, sportliche und erlebnisp\u00e4dagogische Aktionen erg\u00e4nzen das Angebot der Sozial- und Jugendhilfe.<\/p>\n<p>Matthias Busch (Vorstand) &amp; Dieter Wolfer (GF)<\/p>\n<p><span style=\"color: #ffffff;\">.<\/span><\/p>\n<p><strong>Weiterf\u00fchrende Informationen<\/strong><\/p>\n<p>F\u00fcr mehr Informationen und Aktuelle Entwicklungen rund um die Treberhilfe Dresden e.V. besuchen Sie bitte unsere Vereinshomepage unter\u00a0<a title=\"www.treberhilfe-dresden.de\" href=\"http:\/\/www.treberhilfe-dresden.de\" target=\"_blank\">www.treberhilfe-dresden.de<\/a>.<\/p>\n","protected":false},"excerpt":{"rendered":"<p>Jugendarbeit f\u00fcr eine soziale Zukunft Die Treberhilfe Dresden e.V. gr\u00fcndete sich 1996. Der Verein ist im Rahmen der Sozial- und Jugendhilfe t\u00e4tig. Die Arbeit im Verein wird von hauptamtlichen und ehrenamtlichen Mitarbeitenden geleistet. Die ehrenamtliche Struktur sowie die besonderen M\u00f6glichkeiten und Angebote zeichnen den Verein aus. Zu den besonderen Angeboten der Jugendhilfe (SGB VIII) z\u00e4hlen [&hellip;]<\/p>\n","protected":false},"author":2,"featured_media":0,"parent":0,"menu_order":4,"comment_status":"closed","ping_status":"closed","template":"","meta":{"ngg_post_thumbnail":0,"footnotes":""},"class_list":["post-20","page","type-page","status-publish","hentry"],"_links":{"self":[{"href":"http:\/\/panama.treberhilfe-dresden.de\/index.php?rest_route=\/wp\/v2\/pages\/20"}],"collection":[{"href":"http:\/\/panama.treberhilfe-dresden.de\/index.php?rest_route=\/wp\/v2\/pages"}],"about":[{"href":"http:\/\/panama.treberhilfe-dresden.de\/index.php?rest_route=\/wp\/v2\/types\/page"}],"author":[{"embeddable":true,"href":"http:\/\/panama.treberhilfe-dresden.de\/index.php?rest_route=\/wp\/v2\/users\/2"}],"replies":[{"embeddable":true,"href":"http:\/\/panama.treberhilfe-dresden.de\/index.php?rest_route=%2Fwp%2Fv2%2Fcomments&post=20"}],"version-history":[{"count":8,"href":"http:\/\/panama.treberhilfe-dresden.de\/index.php?rest_route=\/wp\/v2\/pages\/20\/revisions"}],"predecessor-version":[{"id":873,"href":"http:\/\/panama.treberhilfe-dresden.de\/index.php?rest_route=\/wp\/v2\/pages\/20\/revisions\/873"}],"wp:attachment":[{"href":"http:\/\/panama.treberhilfe-dresden.de\/index.php?rest_route=%2Fwp%2Fv2%2Fmedia&parent=20"}],"curies":[{"name":"wp","href":"https:\/\/api.w.org\/{rel}","templated":true}]}}