{"id":169,"date":"2012-12-06T08:01:15","date_gmt":"2012-12-06T08:01:15","guid":{"rendered":"http:\/\/panama.treberhilfe-dresden.de\/?page_id=169"},"modified":"2024-04-17T10:42:35","modified_gmt":"2024-04-17T10:42:35","slug":"praktika-freiwilligendienst","status":"publish","type":"page","link":"http:\/\/panama.treberhilfe-dresden.de\/?page_id=169","title":{"rendered":"Praktika &#038; Freiwilligendienst"},"content":{"rendered":"<p><strong>F\u00d6J &#8211; Freiwilliges \u00d6kologisches Jahr<\/strong><\/p>\n<p>Auf dem ASP Panama k\u00f6nnt ihr im Freiwilligen \u00d6kologischen Jahr gemeinsam mit Kindern die Tiere f\u00fcttern und pflegen oder im kleinen Garten mit Kindern pflanzen und ernten. F\u00fcr die Kinder da sein, wenn sie schwatzen und spielen m\u00f6chten oder Trost brauchen. Und f\u00fcr die Tiere da sein, wenn die Kinder in der Schule sind oder wenn die Tiere krank sind und zus\u00e4tzliche Pflege ben\u00f6tigen. Die Tiere sind auch am Wochenende und an Feiertagen hungrig, deshalb geh\u00f6ren Wochenenddienste geh\u00f6ren dazu. Aber ihr werdet sehen, es gibt nichts Sch\u00f6neres, als morgens den Platz zu betreten, von unserer Katze Luna schnurrend begr\u00fc\u00dft zu werden und die ersten Fu\u00dfstapfen in den Schnee zu setzen.<\/p>\n<p><img loading=\"lazy\" decoding=\"async\" class=\"alignright size-medium wp-image-463\" src=\"http:\/\/panama.treberhilfe-dresden.de\/wp-content\/uploads\/2012\/12\/P1050921-199x300.jpg\" alt=\"P1050921\" width=\"199\" height=\"300\" srcset=\"http:\/\/panama.treberhilfe-dresden.de\/wp-content\/uploads\/2012\/12\/P1050921-199x300.jpg 199w, http:\/\/panama.treberhilfe-dresden.de\/wp-content\/uploads\/2012\/12\/P1050921-680x1024.jpg 680w, http:\/\/panama.treberhilfe-dresden.de\/wp-content\/uploads\/2012\/12\/P1050921-624x939.jpg 624w, http:\/\/panama.treberhilfe-dresden.de\/wp-content\/uploads\/2012\/12\/P1050921.jpg 1360w\" sizes=\"(max-width: 199px) 100vw, 199px\" \/><\/p>\n<p>In der offenen Kinder- und Jugendarbeit k\u00f6nnt ihr selbst Projekte f\u00fcr und mit den Kindern umsetzen: Mit den Tieren, wie zum Beispiel Ziegenzirkus, das Training mit den H\u00fchnern oder die Arbeit mit den Pferden und Kindern. Aber auch im handwerklichen und Kreativbereich finden sich viele M\u00f6glichkeiten.<\/p>\n<p>Auf dem ASP Panama arbeiten Sozialp\u00e4dagogInnen, PraktikantInnen, Jugendliche im Bundesfreiwilligendienst und viele ehrenamtliche HelferInnen, deshalb ist hier kein Tag wie der andere. Tr\u00e4ger des F\u00d6J ist der Parit\u00e4tische Freiwilligendienst: www.freiwillig-jetzt.de &#8211; Bewerbung dort und an uns per Mail!<\/p>\n<p>&nbsp;<\/p>\n<p><strong>Praktikum Soziale Arbeit<\/strong><\/p>\n<p><img loading=\"lazy\" decoding=\"async\" class=\"size-medium wp-image-466 alignleft\" src=\"http:\/\/panama.treberhilfe-dresden.de\/wp-content\/uploads\/2012\/12\/P1010786-300x225.jpg\" alt=\"P1010786\" width=\"300\" height=\"225\" srcset=\"http:\/\/panama.treberhilfe-dresden.de\/wp-content\/uploads\/2012\/12\/P1010786-300x225.jpg 300w, http:\/\/panama.treberhilfe-dresden.de\/wp-content\/uploads\/2012\/12\/P1010786-624x468.jpg 624w, http:\/\/panama.treberhilfe-dresden.de\/wp-content\/uploads\/2012\/12\/P1010786.jpg 1024w\" sizes=\"(max-width: 300px) 100vw, 300px\" \/>Ihr studiert soziale Arbeit und sucht noch einen Praktikumsplatz in der Offenen Kinder- und Jugendarbeit? Wir brauchen immer tatkr\u00e4ftige Unterst\u00fctzung! Ihr k\u00f6nnt euch selbst Angebote \u00fcberlegen und diese mit den Kindern durchf\u00fchren. Dabei steht euch eine gro\u00dfe Auswahl an Material und Erfahrungen zur Verf\u00fcgung: Angebote im Handwerksbereich (Schnitzen, Leder, Perlen, Pfeil und Bogen), im Bereich der p\u00e4dagogischen Arbeit mit Tieren (Pferde, Ziegen, H\u00fchner) oder Angebote zur gesunden Ern\u00e4hrung. Ideen werden gern aufgenommen und gemeinsam mit euch umgesetzt.<\/p>\n<p>Auch bei der Ausgestaltung von Festen, Ausfl\u00fcgen und Ferienlagern sind kreative K\u00f6pfe willkommen, die uns bei der Planung, Durchf\u00fchrung und Nachbereitung unterst\u00fctzen.<\/p>\n<p>Zudem sind wir in mehreren stadtweiten Gremien und im Sozialraum gut vernetzt, nehmen an regelm\u00e4\u00dfigen Treffen teil und planen teilweise gemeinsame Aktionen und Projekte. Innerhalb eures Praktikums k\u00f6nnt ihr uns auch hier gern begleiten und unterst\u00fctzen.<\/p>\n<p>Ihr seid neugierig geworden? Dann ruft uns vormittags an, schreibt uns eine E-Mail und kommt vorbei!<\/p>\n<p>&nbsp;<\/p>\n<p><strong>Schulpraktikum inklusiv<\/strong><\/p>\n<p>Ab Beginn der Sommerferien 2024 bieten wir ausschlie\u00dflich Menschen mit sog. Behinderung einen inklusiven Praktikumsplatz an. Du wirst lernen, wie unsere Tiere versorgt werde. Du machst ihnen das Futter, machst die St\u00e4lle und Gehege sauber und gehst mit Lochi der alten Ziegendame spazieren. Und vieles mehr.&nbsp;<\/p>\n<p>Wir freuen uns auf deine Nachricht und deine Fragen. Komm vorbei, ruf an oder schreib uns eine E-Mail.&nbsp;<\/p>\n<p>&nbsp;<\/p>\n<p>&nbsp;<\/p>\n<p><strong>BFD- Bundesfreiwilligendienst<\/strong><\/p>\n<p><img loading=\"lazy\" decoding=\"async\" class=\"size-medium wp-image-467 alignright\" src=\"http:\/\/panama.treberhilfe-dresden.de\/wp-content\/uploads\/2012\/12\/P1050924-300x199.jpg\" alt=\"P1050924\" width=\"300\" height=\"199\" srcset=\"http:\/\/panama.treberhilfe-dresden.de\/wp-content\/uploads\/2012\/12\/P1050924-300x199.jpg 300w, http:\/\/panama.treberhilfe-dresden.de\/wp-content\/uploads\/2012\/12\/P1050924-624x414.jpg 624w, http:\/\/panama.treberhilfe-dresden.de\/wp-content\/uploads\/2012\/12\/P1050924.jpg 819w\" sizes=\"(max-width: 300px) 100vw, 300px\" \/>Au\u00dferdem k\u00f6nnt ihr auf dem ASP Panama einen Bundesfreiwilligendienst absolvieren; daf\u00fcr gibt es eine Stelle. Aufgabenbereiche sind z. B. Reparaturarbeiten, Mithilfe bei Bauprojekten, Reinigungsarbeiten, F\u00fctterung, Gartenarbeit, Fahrdienste, Unterst\u00fctzung der Offenen Kinder- und Jugendarbeit, Angebote f\u00fcr Gruppen sowie Mithilfe bei Festen und Aktionen. Je nach F\u00e4higkeiten und Interessen k\u00f6nnt ihr die Schwerpunkte individuell festlegen. Eigene Ideen und Kreativit\u00e4t sind willkommen! Regelm\u00e4\u00dfige Wochenenddienste (F\u00fctterung) geh\u00f6ren auch hier dazu. Super ist, wenn ihr schon Erfahrung im Zusammensein mit Kindern habt und\/oder handwerkliches Geschick mitbringt. Tr\u00e4ger des BFD ist der Parit\u00e4tische Freiwilligendienst: www.freiwillig-jetzt.de &#8211; Bewerbung dort und an uns per Mail!<\/p>\n<p>&nbsp;<\/p>\n<p><strong>Ihr seid neugierig geworden? Dann<a title=\"Kontakt\" href=\"http:\/\/panama.treberhilfe-dresden.de\/?page_id=32\"> ruft uns vormittags an<\/a>, <a title=\"Kontakt\" href=\"http:\/\/panama.treberhilfe-dresden.de\/?page_id=32\">schreibt uns eine E-Mail<\/a> und kommt vorbei!<\/strong><\/p>\n<p>Telefon: 0351\/8038748<br>e-Mail: asp-panama@treberhilfe-dresden.de<\/p>\n\n\n<p><\/p>\n","protected":false},"excerpt":{"rendered":"<p>F\u00d6J &#8211; Freiwilliges \u00d6kologisches Jahr Auf dem ASP Panama k\u00f6nnt ihr im Freiwilligen \u00d6kologischen Jahr gemeinsam mit Kindern die Tiere f\u00fcttern und pflegen oder im kleinen Garten mit Kindern pflanzen und ernten. F\u00fcr die Kinder da sein, wenn sie schwatzen und spielen m\u00f6chten oder Trost brauchen. Und f\u00fcr die Tiere da sein, wenn die Kinder [&hellip;]<\/p>\n","protected":false},"author":1,"featured_media":0,"parent":8,"menu_order":6,"comment_status":"closed","ping_status":"closed","template":"","meta":{"ngg_post_thumbnail":0,"footnotes":""},"class_list":["post-169","page","type-page","status-publish","hentry"],"_links":{"self":[{"href":"http:\/\/panama.treberhilfe-dresden.de\/index.php?rest_route=\/wp\/v2\/pages\/169"}],"collection":[{"href":"http:\/\/panama.treberhilfe-dresden.de\/index.php?rest_route=\/wp\/v2\/pages"}],"about":[{"href":"http:\/\/panama.treberhilfe-dresden.de\/index.php?rest_route=\/wp\/v2\/types\/page"}],"author":[{"embeddable":true,"href":"http:\/\/panama.treberhilfe-dresden.de\/index.php?rest_route=\/wp\/v2\/users\/1"}],"replies":[{"embeddable":true,"href":"http:\/\/panama.treberhilfe-dresden.de\/index.php?rest_route=%2Fwp%2Fv2%2Fcomments&post=169"}],"version-history":[{"count":14,"href":"http:\/\/panama.treberhilfe-dresden.de\/index.php?rest_route=\/wp\/v2\/pages\/169\/revisions"}],"predecessor-version":[{"id":3795,"href":"http:\/\/panama.treberhilfe-dresden.de\/index.php?rest_route=\/wp\/v2\/pages\/169\/revisions\/3795"}],"up":[{"embeddable":true,"href":"http:\/\/panama.treberhilfe-dresden.de\/index.php?rest_route=\/wp\/v2\/pages\/8"}],"wp:attachment":[{"href":"http:\/\/panama.treberhilfe-dresden.de\/index.php?rest_route=%2Fwp%2Fv2%2Fmedia&parent=169"}],"curies":[{"name":"wp","href":"https:\/\/api.w.org\/{rel}","templated":true}]}}