{"id":122,"date":"2012-12-06T07:50:28","date_gmt":"2012-12-06T07:50:28","guid":{"rendered":"http:\/\/panama.treberhilfe-dresden.de\/?page_id=122"},"modified":"2024-04-17T10:43:37","modified_gmt":"2024-04-17T10:43:37","slug":"familiensonntag","status":"publish","type":"page","link":"http:\/\/panama.treberhilfe-dresden.de\/?page_id=122","title":{"rendered":"Familiennachmittag"},"content":{"rendered":"\n<p class=\"has-text-align-center\"><\/p>\n\n\n\n<figure class=\"wp-block-image size-large is-resized\"><a href=\"http:\/\/panama.treberhilfe-dresden.de\/wp-content\/uploads\/2022\/11\/Familiennachmittag.png\"><img loading=\"lazy\" decoding=\"async\" src=\"http:\/\/panama.treberhilfe-dresden.de\/wp-content\/uploads\/2022\/11\/Familiennachmittag-1024x1024.png\" alt=\"\" class=\"wp-image-3357\" width=\"443\" height=\"443\" srcset=\"http:\/\/panama.treberhilfe-dresden.de\/wp-content\/uploads\/2022\/11\/Familiennachmittag-1024x1024.png 1024w, http:\/\/panama.treberhilfe-dresden.de\/wp-content\/uploads\/2022\/11\/Familiennachmittag-300x300.png 300w, http:\/\/panama.treberhilfe-dresden.de\/wp-content\/uploads\/2022\/11\/Familiennachmittag-150x150.png 150w, http:\/\/panama.treberhilfe-dresden.de\/wp-content\/uploads\/2022\/11\/Familiennachmittag-768x768.png 768w, http:\/\/panama.treberhilfe-dresden.de\/wp-content\/uploads\/2022\/11\/Familiennachmittag.png 1080w\" sizes=\"(max-width: 443px) 100vw, 443px\" \/><\/a><\/figure>\n\n\n<p><img loading=\"lazy\" decoding=\"async\" class=\"alignright size-full wp-image-423\" src=\"http:\/\/panama.treberhilfe-dresden.de\/wp-content\/uploads\/2012\/12\/K03.jpg\" alt=\"K03\" width=\"313\" height=\"235\" srcset=\"http:\/\/panama.treberhilfe-dresden.de\/wp-content\/uploads\/2012\/12\/K03.jpg 313w, http:\/\/panama.treberhilfe-dresden.de\/wp-content\/uploads\/2012\/12\/K03-300x225.jpg 300w\" sizes=\"(max-width: 313px) 100vw, 313px\" \/><\/p>\n<p>Am Mittwoch sind Familien mit kleinen Kindern auf dem ASP Panama von 15:30 bis 18 Uhr herzlich willkommen.<\/p>\n<p>Verschiedene Angebote wie Kn\u00fcppelteig oder Vorlesen am Lagerfeuer, F\u00fctterung der Tiere und die Ausleihe verschiedener Spiele und Spielger\u00e4te warten auf Eltern und Kinder. Bei Kaffee und Tee k\u00f6nnen Eltern die entspannte Atmosph\u00e4re auf dem Abenteuerspielplatz Panama genie\u00dfen, w\u00e4hrend die Kinder toben und spielen.<\/p>\n<p style=\"text-align: left;\">Der Familienmittwoch findet in der Schulzeit ganzj\u00e4hrig statt.<\/p>\n<p><em style=\"line-height: 24px;\"><img loading=\"lazy\" decoding=\"async\" class=\"alignleft size-full wp-image-337\" src=\"http:\/\/panama.treberhilfe-dresden.de\/wp-content\/uploads\/2012\/11\/K051.jpg\" alt=\"K05\" width=\"313\" height=\"235\" srcset=\"http:\/\/panama.treberhilfe-dresden.de\/wp-content\/uploads\/2012\/11\/K051.jpg 313w, http:\/\/panama.treberhilfe-dresden.de\/wp-content\/uploads\/2012\/11\/K051-300x225.jpg 300w\" sizes=\"(max-width: 313px) 100vw, 313px\" \/><\/em><\/p>\n<p><em>Da wir durch Tierhaltung und Instandhaltung unseres gro\u00dfen Gel\u00e4ndes hohe Ausgaben haben,<strong> freuen wir uns \u00fcber eine Eintrittsspende<\/strong> pro Erwachsenem.<\/em> Sie unterst\u00fctzen damit unseren Platz und tragen dazu bei, unsere Mitarbeiter:innen, den Platz mit all seinen M\u00f6glichkeiten und somit den Familiennachmittag dauerhaft zu finanzieren.<\/p>","protected":false},"excerpt":{"rendered":"<p>Am Mittwoch sind Familien mit kleinen Kindern auf dem ASP Panama von 15:30 bis 18 Uhr herzlich willkommen. Verschiedene Angebote wie Kn\u00fcppelteig oder Vorlesen am Lagerfeuer, F\u00fctterung der Tiere und die Ausleihe verschiedener Spiele und Spielger\u00e4te warten auf Eltern und Kinder. Bei Kaffee und Tee k\u00f6nnen Eltern die entspannte Atmosph\u00e4re auf dem Abenteuerspielplatz Panama genie\u00dfen, [&hellip;]<\/p>\n","protected":false},"author":3,"featured_media":0,"parent":114,"menu_order":0,"comment_status":"closed","ping_status":"closed","template":"","meta":{"ngg_post_thumbnail":0,"footnotes":""},"class_list":["post-122","page","type-page","status-publish","hentry"],"_links":{"self":[{"href":"http:\/\/panama.treberhilfe-dresden.de\/index.php?rest_route=\/wp\/v2\/pages\/122"}],"collection":[{"href":"http:\/\/panama.treberhilfe-dresden.de\/index.php?rest_route=\/wp\/v2\/pages"}],"about":[{"href":"http:\/\/panama.treberhilfe-dresden.de\/index.php?rest_route=\/wp\/v2\/types\/page"}],"author":[{"embeddable":true,"href":"http:\/\/panama.treberhilfe-dresden.de\/index.php?rest_route=\/wp\/v2\/users\/3"}],"replies":[{"embeddable":true,"href":"http:\/\/panama.treberhilfe-dresden.de\/index.php?rest_route=%2Fwp%2Fv2%2Fcomments&post=122"}],"version-history":[{"count":17,"href":"http:\/\/panama.treberhilfe-dresden.de\/index.php?rest_route=\/wp\/v2\/pages\/122\/revisions"}],"predecessor-version":[{"id":3796,"href":"http:\/\/panama.treberhilfe-dresden.de\/index.php?rest_route=\/wp\/v2\/pages\/122\/revisions\/3796"}],"up":[{"embeddable":true,"href":"http:\/\/panama.treberhilfe-dresden.de\/index.php?rest_route=\/wp\/v2\/pages\/114"}],"wp:attachment":[{"href":"http:\/\/panama.treberhilfe-dresden.de\/index.php?rest_route=%2Fwp%2Fv2%2Fmedia&parent=122"}],"curies":[{"name":"wp","href":"https:\/\/api.w.org\/{rel}","templated":true}]}}