{"id":114,"date":"2012-12-06T07:48:48","date_gmt":"2012-12-06T07:48:48","guid":{"rendered":"http:\/\/panama.treberhilfe-dresden.de\/?page_id=114"},"modified":"2014-06-25T07:54:58","modified_gmt":"2014-06-25T07:54:58","slug":"eltern-kind","status":"publish","type":"page","link":"http:\/\/panama.treberhilfe-dresden.de\/?page_id=114","title":{"rendered":"Eltern &#038; Kind"},"content":{"rendered":"<p>Der Abenteuerspielplatz Panama ist ein Offenes Freizeitangebot f\u00fcr Kinder und Jugendliche ab 6 Jahren. Finanziert wird er zum gro\u00dfen Teil von der Landeshauptstadt Dresden. Die Finanzierung erh\u00e4lt der ASP Panama f\u00fcr p\u00e4dagogisch betreute Angebote f\u00fcr Kinder und Jugendliche zwischen 6 und 16 Jahren.<\/p>\n<p>Besucher (d.h. Eltern, Gro\u00dfeltern, Kinder unter 6 Jahre, G\u00e4ste, etc.) sind bei uns ebenfalls herzlich willkommen. Wir bitten Sie jedoch zu beachten, dass Donnerstag und Freitag ab 14 Uhr der ASP Panama f\u00fcr Besucher <em>nicht<\/em> ge\u00f6ffnet ist. An diesen Nachmittagen ist der Platz nur f\u00fcr Kinder ab 6 Jahren da, damit sie auf dem gesamten Gel\u00e4nde unter sich spielen k\u00f6nnen.<\/p>\n<p><img loading=\"lazy\" decoding=\"async\" class=\"alignright size-full wp-image-337\" src=\"http:\/\/panama.treberhilfe-dresden.de\/wp-content\/uploads\/2012\/11\/K051.jpg\" alt=\"K05\" width=\"313\" height=\"235\" srcset=\"http:\/\/panama.treberhilfe-dresden.de\/wp-content\/uploads\/2012\/11\/K051.jpg 313w, http:\/\/panama.treberhilfe-dresden.de\/wp-content\/uploads\/2012\/11\/K051-300x225.jpg 300w\" sizes=\"(max-width: 313px) 100vw, 313px\" \/>Als Alternative bieten wir den Familiensonntag an: von M\u00e4rz bis November ist der ASP Panama speziell f\u00fcr Familien ge\u00f6ffnet. Da dies ein zus\u00e4tzliches Angebot ist, f\u00fcr das wir keine Finanzierung erhalten, bitten wir in dieser Zeit um eine Spende von 2 Euro pro Erwachsenem. Sie unterst\u00fctzen damit den Abenteuerspielplatz Panama und tragen dazu bei, den Familiensonntag dauerhaft zu erhalten.<\/p>\n<p>Nat\u00fcrlich k\u00f6nnen Sie auch mit Kindergartengruppen, Schulklassen, etc. den ASP Panama besuchen. Au\u00dferdem besteht die M\u00f6glichkeit den Kindergeburtstag Ihres Kindes auf unserem Abenteuerspielplatz zu feiern. Lagerfeuer, Teilnahme an der Kleintierf\u00fctterung, Bogenschie\u00dfen, ein B\u00e4llebad und vieles mehr erwarten Sie. Wenn Sie Fragen zur Vermietung haben oder uns mit einer Gruppe besuchen wollen erreichen Sie uns zu folgenden Zeiten:<\/p>\n<p>Montag und Donnerstag von 16- 18 Uhr oder per Mail an: <a href=\"mailto:asp-panama@treberhilfe-dresden.de\">asp-panama@treberhilfe-dresden.de<\/a><\/p>\n<p>Wir freuen uns auf Ihren Besuch!<\/p>\n","protected":false},"excerpt":{"rendered":"<p>Der Abenteuerspielplatz Panama ist ein Offenes Freizeitangebot f\u00fcr Kinder und Jugendliche ab 6 Jahren. Finanziert wird er zum gro\u00dfen Teil von der Landeshauptstadt Dresden. Die Finanzierung erh\u00e4lt der ASP Panama f\u00fcr p\u00e4dagogisch betreute Angebote f\u00fcr Kinder und Jugendliche zwischen 6 und 16 Jahren. Besucher (d.h. Eltern, Gro\u00dfeltern, Kinder unter 6 Jahre, G\u00e4ste, etc.) sind bei [&hellip;]<\/p>\n","protected":false},"author":1,"featured_media":0,"parent":0,"menu_order":4,"comment_status":"closed","ping_status":"closed","template":"","meta":{"ngg_post_thumbnail":0,"footnotes":""},"class_list":["post-114","page","type-page","status-publish","hentry"],"_links":{"self":[{"href":"http:\/\/panama.treberhilfe-dresden.de\/index.php?rest_route=\/wp\/v2\/pages\/114"}],"collection":[{"href":"http:\/\/panama.treberhilfe-dresden.de\/index.php?rest_route=\/wp\/v2\/pages"}],"about":[{"href":"http:\/\/panama.treberhilfe-dresden.de\/index.php?rest_route=\/wp\/v2\/types\/page"}],"author":[{"embeddable":true,"href":"http:\/\/panama.treberhilfe-dresden.de\/index.php?rest_route=\/wp\/v2\/users\/1"}],"replies":[{"embeddable":true,"href":"http:\/\/panama.treberhilfe-dresden.de\/index.php?rest_route=%2Fwp%2Fv2%2Fcomments&post=114"}],"version-history":[{"count":6,"href":"http:\/\/panama.treberhilfe-dresden.de\/index.php?rest_route=\/wp\/v2\/pages\/114\/revisions"}],"predecessor-version":[{"id":989,"href":"http:\/\/panama.treberhilfe-dresden.de\/index.php?rest_route=\/wp\/v2\/pages\/114\/revisions\/989"}],"wp:attachment":[{"href":"http:\/\/panama.treberhilfe-dresden.de\/index.php?rest_route=%2Fwp%2Fv2%2Fmedia&parent=114"}],"curies":[{"name":"wp","href":"https:\/\/api.w.org\/{rel}","templated":true}]}}