{"id":105,"date":"2012-12-06T07:47:08","date_gmt":"2012-12-06T07:47:08","guid":{"rendered":"http:\/\/panama.treberhilfe-dresden.de\/?page_id=105"},"modified":"2022-05-21T11:48:08","modified_gmt":"2022-05-21T11:48:08","slug":"bdja-e-v","status":"publish","type":"page","link":"http:\/\/panama.treberhilfe-dresden.de\/?page_id=105","title":{"rendered":"BdJA e.V."},"content":{"rendered":"<p><a href=\"https:\/\/www.bdja.org\/?msclkid=15aa0966d02311eca3da6e31b4c50f00\"><img loading=\"lazy\" decoding=\"async\" class=\"wp-image-3243 size-medium alignright\" src=\"http:\/\/panama.treberhilfe-dresden.de\/wp-content\/uploads\/2022\/05\/bdja_logo_Web_rgb-300x282.png\" alt=\"\" width=\"300\" height=\"282\" srcset=\"http:\/\/panama.treberhilfe-dresden.de\/wp-content\/uploads\/2022\/05\/bdja_logo_Web_rgb-300x282.png 300w, http:\/\/panama.treberhilfe-dresden.de\/wp-content\/uploads\/2022\/05\/bdja_logo_Web_rgb.png 510w\" sizes=\"(max-width: 300px) 100vw, 300px\" \/><\/a>Der Bund der Jugendfarmen und Aktivspielpl\u00e4tze e.V. (BdJA) ist ein bundesweiter Dach- und Fachverband f\u00fcr die Offene Arbeit mit Kindern und Jugendlichen. Kinder- und Jugendfarmen, Abenteuer- und Aktivspielpl\u00e4tze, Kinderbauernh\u00f6fe, Bauspielpl\u00e4tze.<\/p>\n<p data-wp-editing=\"1\">Derzeit repr\u00e4sentiert der BdJA \u00fcber 150 eigenst\u00e4ndige Mitgliedseinrichtungen in \u00fcberwiegend freier Tr\u00e4gerschaft.&nbsp;Der ASP PANAMA ist Mitglied im BdJA.<\/p>\n<p>Ziel der Arbeit des Verbandes ist es, dass p\u00e4dagogisch betreute Spielpl\u00e4tze wie Kinder- und Jugendfarmen, Aktiv- und Abenteuerspielpl\u00e4tze, Kinder- und Jugendbauernh\u00f6fe, Stadtteilfarmen und \u00e4hnliche Einrichtungen geschaffen, als Regeleinrichtung betrieben und politisch wie wirtschaftlich abgesichert werden. Daneben arbeitet er an der inhaltlichen Weiterentwicklung der Spielplatzp\u00e4dagogik und f\u00f6rdert seine Mitgliedsorganisationen in ihrer fachlichen Zielsetzung.<\/p>\n<p>Lesen Sie mehr unter <a href=\"https:\/\/www.bdja.org\/?msclkid=15aa0966d02311eca3da6e31b4c50f00\" target=\"_blank\" rel=\"noopener\">www.bdja.org<\/a>!<\/p>\n\n\n<p><\/p>\n","protected":false},"excerpt":{"rendered":"<p>Der Bund der Jugendfarmen und Aktivspielpl\u00e4tze e.V. (BdJA) ist ein bundesweiter Dach- und Fachverband f\u00fcr die Offene Arbeit mit Kindern und Jugendlichen. Kinder- und Jugendfarmen, Abenteuer- und Aktivspielpl\u00e4tze, Kinderbauernh\u00f6fe, Bauspielpl\u00e4tze. Derzeit repr\u00e4sentiert der BdJA \u00fcber 150 eigenst\u00e4ndige Mitgliedseinrichtungen in \u00fcberwiegend freier Tr\u00e4gerschaft.&nbsp;Der ASP PANAMA ist Mitglied im BdJA. Ziel der Arbeit des Verbandes ist es, [&hellip;]<\/p>\n","protected":false},"author":3,"featured_media":0,"parent":99,"menu_order":3,"comment_status":"closed","ping_status":"closed","template":"","meta":{"ngg_post_thumbnail":0,"footnotes":""},"class_list":["post-105","page","type-page","status-publish","hentry"],"_links":{"self":[{"href":"http:\/\/panama.treberhilfe-dresden.de\/index.php?rest_route=\/wp\/v2\/pages\/105"}],"collection":[{"href":"http:\/\/panama.treberhilfe-dresden.de\/index.php?rest_route=\/wp\/v2\/pages"}],"about":[{"href":"http:\/\/panama.treberhilfe-dresden.de\/index.php?rest_route=\/wp\/v2\/types\/page"}],"author":[{"embeddable":true,"href":"http:\/\/panama.treberhilfe-dresden.de\/index.php?rest_route=\/wp\/v2\/users\/3"}],"replies":[{"embeddable":true,"href":"http:\/\/panama.treberhilfe-dresden.de\/index.php?rest_route=%2Fwp%2Fv2%2Fcomments&post=105"}],"version-history":[{"count":8,"href":"http:\/\/panama.treberhilfe-dresden.de\/index.php?rest_route=\/wp\/v2\/pages\/105\/revisions"}],"predecessor-version":[{"id":3246,"href":"http:\/\/panama.treberhilfe-dresden.de\/index.php?rest_route=\/wp\/v2\/pages\/105\/revisions\/3246"}],"up":[{"embeddable":true,"href":"http:\/\/panama.treberhilfe-dresden.de\/index.php?rest_route=\/wp\/v2\/pages\/99"}],"wp:attachment":[{"href":"http:\/\/panama.treberhilfe-dresden.de\/index.php?rest_route=%2Fwp%2Fv2%2Fmedia&parent=105"}],"curies":[{"name":"wp","href":"https:\/\/api.w.org\/{rel}","templated":true}]}}